8, 2*g = 4*p - 64. Let r(j) = -j**3 - j**2 - j + 1. Let k(w) = 4*w**3 - 14*w**2 - 13*w - 1. Let s(o) = -k(o) - 5*r(o). Determine s(g).
-4
Let y be 9*1 + (-7)/(-35)*0. Let g(h) = 0*h**2 - 23 - 3*h**2 + y*h + 26 + 4*h**2. Calculate g(-6).
-15
Suppose -c = 4*f - 60, 5*c - 6*c - 10 = -f. Suppose -21 = 7*q - f*q. Let p(l) = l**2 + 1. Let h(n) = 2*n - 3. Let b(w) = h(w) + p(w). Determine b(q).
13
Let s(v) be the third derivative of -v**6/120 - 3*v**5/10 - 17*v**4/24 - 5*v**3/2 + 15*v**2 - 7. Give s(-17).
-15
Let v(z) = 2*z + 1. Let c be ((-1)/4)/(2/(-248)). Suppose -8*r + c = -9*r. Let a = 26 + r. Give v(a).
-9
Let k(s) = -s**2 - 6*s - 4. Let v be 5/(5/2) - 4. Determine k(v).
4
Let t be (-162)/6 + 26 - (4 + 2 - -2). Let z(p) = 12*p + 18. Determine z(t).
-90
Suppose i - 183 + 22 = 2*k, -8 = 4*k. Let x = i - 162. Let c(f) = -f**2 - 7*f - 7. Calculate c(x).
3
Let t(j) = j**3 - 8*j**2 + 4*j + 7. Suppose 5*x - 43 = 4*i, -x - 28 + 25 = 5*i. Let f(w) = 3*w**3 - 25*w**2 + 11*w + 22. Let b(h) = x*t(h) - 2*f(h). Give b(5).
10
Let g = -19 - -12. Let p(n) = n**3 - 2*n + 6. Let z be p(0). Let k(t) = -67 + z*t**2 + 69 + t**3 - 3*t - 4*t. Give k(g).
2
Let i(b) = -21*b - 12462 + 12478 + 31*b + b**2. What is i(-10)?
16
Let d(f) = 4*f + 140. Let j(k) = k**3 + 39*k**2 + 4*k + 122. Let r be j(-39). Calculate d(r).
4
Let z(x) = 3*x**2 + 31*x + 31. Let g be z(-18). Let q = -446 + g. Let n(i) = 12*i**2 + i. Determine n(q).
11
Let i be (-1)/3*-33 - 3. Let v(u) = u**3 - 7*u**2 - 13*u + 17. Let g be v(i). Let f = g + 24. Let a(c) = -4*c**2 + 2*c - 1. Determine a(f).
-3
Let h(q) = 2 - 4*q - 6 + q + 0. Let t(z) be the second derivative of -z**5/20 - 2*z**4/3 - 7*z**3/2 - 57*z**2/2 + 85*z. Let l be t(-6). What is h(l)?
5
Let t(h) = -18*h + 87. Let o = 502 + -497. Determine t(o).
-3
Let s(x) = -46 - 15*x - 459*x**2 - 456*x**2 + 1829*x**2 - 457*x**2 - 456*x**2. Calculate s(18).
8
Let f(c) be the third derivative of -c**4/6 + 13*c**3/2 - 183*c**2 + 3*c. What is f(12)?
-9
Suppose -4*x + 3*t = -456, t + 3*t + 114 = x. Let i = x - 109. Let b(d) = -d - 5. Give b(i).
-10
Let j(v) = 8*v - 5. Let m(p) = -17*p + 11. Let o = 2402 - 2393. Let h be (-3)/(2 + 1) - -5. Let r(f) = h*m(f) + o*j(f). What is r(6)?
23
Let l(p) = 8*p**2 + 13*p + 3. Let c(q) = -9*q**2 - 11*q + 1. Let b(a) = -6*c(a) - 7*l(a). Calculate b(-11).
6
Let t = -230 - -237. Let h be 0/(8*t/28). Let s(n) = -n**3 + n**2 + n + 9. Determine s(h).
9
Suppose 4*z = 4*o - 261 - 283, 3*o - 438 = -3*z. Let b be (-2 + o/12)/(9/24). Let f(g) = g**3 - 1 + b*g**2 - 30*g**2 + 3*g - 3*g. What is f(4)?
-1
Let o(g) = 19*g - 1. Let f(d) = -60*d + 5. Let j(v) = f(v) + 3*o(v). Let r(q) = -q**3 - 6*q**2 - 5. Let l be r(-6). Determine j(l).
17
Let t(o) = o**2 - 2*o - 1. Let u be t(3). Let z(i) = -u*i**2 - 5*i**3 + 10*i**3 + 4 - 3. Let c = -11782 + 11783. What is z(c)?
4
Let u = 14 + -47. Let o be (-126)/u + 4/22. Let d(p) = 5*p + 5*p - o*p - p**2 - 3*p. Determine d(4).
-4
Suppose 5*b - b - 8 = 0. Let j be b*2/4 + 5. Let h(z) be the second derivative of -z**5/20 + z**4/2 - z**3/3 + 9*z**2/2 - 18280*z. What is h(j)?
-3
Let s(c) = -16*c**3 + 2*c**2 + 5*c - 5. Let x(g) = -19*g**3 + 2*g**2 + 6*g - 5. Let h(a) = 6*s(a) - 5*x(a). Determine h(-2).
11
Let m(b) be the second derivative of 1/2*b**2 + 0 + 1/2*b**3 - 638*b. Let r = -1 + -8. What is m(r)?
-26
Let n(s) be the second derivative of -1/20*s**5 - 27*s - 1/3*s**3 + 0 - 3/2*s**2 + 0*s**4. Calculate n(-2).
9
Let x(w) = w**3 - 4*w - 1. Suppose l + 7 - 17 = 3*s, -l + 5*s + 12 = 0. Suppose -l = -10*m - 37. What is x(m)?
-16
Let f(x) = -x**3 + 6*x**2 + 3*x + 1. Let v(z) = 12 - 57 + 12*z - 29*z + 18. Let n be v(-2). What is f(n)?
-27
Let i = 25 - 19. Let z = i - -20. Let s(y) = -y**3 + 2*y - 36*y**2 - 2 + 63*y**2 - z*y**2. What is s(2)?
-2
Let a(t) = -t**3 + 7*t**2 - 2. Suppose -2*z + 8*w + 40 = 4*w, 4*w = 4*z - 88. Suppose 8 = z*u - 136. Calculate a(u).
34
Let n(r) = -3*r**2 - 15*r + 4. Let a = -855 - -848. Give n(a).
-38
Let y(v) = 12*v**2 + 15*v + 4. Let x be y(-5). Let b = 224 - x. Let a(l) = -l**3 - 4*l**2 + 2*l - 2. Calculate a(b).
13
Let c be (-100)/(-20)*(-3)/(-5). Let m(p) = 2*p + c*p + 0*p - 5*p - 2*p. Suppose 3*r = 2*r + 1. Determine m(r).
-2
Let h be (-566 - -567)*(-5 + 2 + 0). Let m(o) = -o**3 - 6*o**2 - o - 1. Let g(d) = -d**3 - 5*d**2 - 1. Let u(p) = -5*g(p) + 4*m(p). What is u(h)?
-5
Let t be (-2)/(-7) - 40/(-7). Let u(b) = -2*b - b**2 - 3 + t*b - b**3 + 2*b**2 + 0*b**2. Suppose f + 31*f - 2*f = 60. What is u(f)?
1
Let d(r) = -256*r - 99. Let y(v) = -213*v - 99. Let n(i) = 5*d(i) - 6*y(i). Determine n(41).
17
Let w(s) = s + 2. Let g(z) = -3*z**2 + 14*z - 121. Let r be g(6). Let h = 136 + r. Determine w(h).
-7
Let k(j) be the third derivative of -5/6*j**3 - 7/60*j**5 + 5*j + 0 - 5/24*j**4 - 4*j**2 - 1/120*j**6. Give k(-6).
-11
Let o(p) = -19*p**2 - 8*p + 38. Let b(z) = 45*z**2 + 15*z - 80. Let t(d) = 3*b(d) + 7*o(d). Give t(6).
32
Suppose o + 4*w + 19 - 2 = 0, -5*w - 21 = o. Let m = 31 - o. Suppose -5*k + 20 = 3*j - 6*k, 4*j - m = 4*k. Let c(n) = n**3 - 6*n**2 + n + 8. Give c(j).
14
Let q(b) = -6727*b - 1 + 6725*b - 2 + 2 + 17*b**3 + 0 - 2*b**2. Suppose 5 = -6*j - 1. Calculate q(j).
-18
Let u(k) be the third derivative of -k**4/12 - k**3 + k**2 + 674*k. Let p(n) = -n**3 + 7*n**2 - n + 3. Let m be p(7). Calculate u(m).
2
Let v(f) = -6*f - 11. Let t be v(-4). Suppose -t + 5 = 4*z. Let n = z - 3. Let r(y) = -y**3 - 4*y**2 - 6. Determine r(n).
19
Let j = 39 - 55. Let m(q) = q**3 + 15*q**2 - 15*q + 18. Let h be m(j). Let c(p) = 1 + 161*p + 2*p**2 - 3*p**h - 164*p. What is c(-3)?
1
Suppose -5*w = 4*a - 12, -5*w + 3*w = -3*a + 9. Let y be 1/(-4) + ((-462)/(-24) - 6). Let t(o) = -2*o**3 + o**3 - 2*o + 17 + 2*o**2 - a - y. What is t(2)?
-3
Let z be 165/(-1815) + 42/(-22). Let i(c) = -c**3 - 5*c**2 - 8*c + 3. What is i(z)?
7
Let w be (-61)/(-4) + ((-1)/(-5))/((-36)/45). Let s(t) = -t**2 + 19*t - 42. What is s(w)?
18
Let n(i) be the second derivative of i**5/20 + i**4/6 - 7*i**3/6 + 5*i**2/2 + 773*i. Calculate n(2).
7
Let x(l) be the third derivative of l**6/120 - 3*l**5/10 + 17*l**4/24 - 23*l**3/6 - 3*l**2 - 46. Determine x(17).
-23
Let o(c) = 4*c**2 - 46*c - 18. Suppose -85 - 203 = -24*y. Calculate o(y).
6
Let k = -1 - -2. Let s(i) = -27*i + 9. Let q(o) = 46*o - 14. Let j(x) = 2*q(x) + 3*s(x). Determine j(k).
10
Let j(t) be the third derivative of t**4/12 - 3*t**3/2 + 284*t**2 - 3. Give j(-2).
-13
Suppose 0 = -301*p + 384*p + 581. Let n(s) be the second derivative of s**3/6 + 5*s**2/2 + 3*s. Calculate n(p).
-2
Let z(u) = 13 + 0*u + 3*u + 0*u - 5*u. Let y be z(0). Let x(a) = a**3 + 4*a - 10*a**2 - 5 - 8*a**2 + y*a**2. Calculate x(4).
-5
Let i(o) = 24*o + 2 + 2 + 1 + o. Let r be i(-1). Let x = r + 24. Let q(p) = -p**2 + 3*p + 1. Calculate q(x).
-3
Let r(b) = -12*b - 3 - 2 + 20*b**2 + 19*b**2 - 37*b**2. Let p(w) = 5*w**2 - 36*w - 17. Let i(l) = -3*p(l) + 8*r(l). Determine i(-12).
11
Let s(j) = 25*j - 15*j - 10*j + 5*j**2 - 4 - 7*j + j**3. Let i = -27 - 18. Let x be (-1)/5 - (-261)/i. Determine s(x).
2
Suppose -72*u + 133 - 437 = 200. Let t(l) = 2 + l**2 - 6*l - 2*l**2 + 2. What is t(u)?
-3
Let h(s) = s**3 + s**2 + 2*s + 8. Suppose 73*m = 242*m. Calculate h(m).
8
Let s(n) = -2*n**2 + 3*n + 2. Let d(w) = 3*w**2 - 3*w - 1. Let g(v) = -3*d(v) - 4*s(v). Let o(b) be the first derivative of g(b). Determine o(6).
-15
Let i be (-35 + 2 + -4)/((-13)/(-13)) - -6. Let h(a) = -a**2 - 32*a - 25. Determine h(i).
6
Let j(m) = -8*m**2 + 6. Let k(w) = 17*w**2 + w - 13. Let u(a) = -9*j(a) - 4*k(a). Give u(2).
6
Suppose -139*c = -117*c + 66. Let j be 9 + (-4 - -5) + -3. Let x(o) = -4 - 12*o + 3 + j*o + 2. Determine x(c).
16
Let q(j) = 19*j - 4. Let d(o) = -9*o + 2. Let s = 32 + -45. Let g(m) = s*d(m) - 6*q(m). Let y(r) = -r**2 - 3*r + 2. Let c be y(-3). Determine g(c).
4
Let h be (-14 - (-42)/4)*(-4)/(-2). Suppose 4*y - 12 = 2*y. Let l(o) = -4*o**2 - 5*o + o**2 + y + 2*o**2. Give l(h).
-8
Let f(i) = -i**3 + 4*i**2 + 3*i - 2. Suppose 184 = -4*t - l, 0*l = -t + 3*l - 33. Let d = -46 - t. Let u be 4 - ((d - -3) + -1). What is f(u)?
16
Let k(z) = -428*z + 14. Let m(y) = -36*y + 1. Let g(b) = -k(b) + 12*m(b). Calculate g(-3).
10
Let q(g) = 2*g**2 + 3*g - 7. Let d be q(-3). Let j(x) = -2 + 6 + 0*x**3 + 0*x**3 + x + 5*x**d + x